2.
72
Calculate the highest common divisor of 897 and 39.
39
What is the highest common divisor of 4779 and 270?
27
What is the greatest common factor of 570 and 90?
30
Calculate the greatest common divisor of 9 and 159.
3
Calculate the greatest common divisor of 318 and 18.
6
What is the greatest common factor of 9 and 603?
9
Calculate the highest common factor of 24 and 2768.
8
What is the greatest common divisor of 342 and 54?
18
What is the greatest common divisor of 9 and 9?
9
What is the highest common factor of 74 and 68?
2
What is the greatest common divisor of 2 and 23?
1
What is the greatest common divisor of 4717 and 89?
89
What is the highest common divisor of 67 and 6767?
67
What is the greatest common divisor of 84 and 72?
12
Calculate the highest common factor of 68 and 19822.
34
What is the highest common factor of 147 and 2247?
21
What is the highest common factor of 1 and 6269?
1
What is the highest common divisor of 62 and 558?
62
Calculate the highest common divisor of 2600 and 728.
104
What is the greatest common factor of 6589 and 11?
11
What is the highest common divisor of 220 and 20?
20
What is the greatest common factor of 32 and 152?
8
What is the greatest common factor of 176 and 64?
16
Calculate the highest common factor of 330 and 105.
15
What is the greatest common divisor of 832 and 128?
64
Calculate the greatest common factor of 5256 and 18.
18
What is the highest common factor of 230 and 2806?
46
What is the highest common divisor of 49 and 182?
7
What is the greatest common factor of 48 and 1176?
24
Calculate the highest common factor of 792 and 16.
8
What is the highest common factor of 54 and 96?
6
Calculate the highest common factor of 66 and 154.
22
Calculate the highest common divisor of 25 and 5.
5
Calculate the highest common divisor of 393 and 69.
3
What is the highest common factor of 40 and 200?
40
Calculate the greatest common divisor of 195 and 2379.
39
What is the greatest common factor of 40 and 1960?
40
What is the highest common factor of 406 and 28?
14
Calculate the highest common factor of 611 and 423.
47
Calculate the greatest common factor of 2 and 8.
2
Calculate the highest common factor of 24 and 248.
8
What is the greatest common divisor of 39 and 5473?
13
What is the highest common factor of 31 and 527?
31
What is the highest common factor of 98 and 742?
14
Calculate the highest common divisor of 1121 and 472.
59
Calculate the highest common divisor of 7476 and 280.
28
What is the greatest common factor of 18 and 1176?
6
Calculate the highest common factor of 292 and 324.
4
What is the highest common factor of 374 and 110?
22
Calculate the greatest common divisor of 62 and 434.
62
Calculate the highest common divisor of 3668 and 28.
28
What is the highest common divisor of 39 and 169?
13
Calculate the greatest common divisor of 120 and 80400.
120
What is the greatest common factor of 1533 and 7?
7
Calculate the highest common factor of 248 and 4402.
62
What is the highest common divisor of 9956 and 262?
262
What is the greatest common divisor of 33 and 363?
33
Calculate the highest common divisor of 564 and 44.
4
Calculate the greatest common divisor of 2720 and 40.
40
Calculate the greatest common factor of 1 and 27.
1
Calculate the highest common divisor of 4887 and 54.
27
What is the greatest common factor of 217 and 14?
7
What is the highest common factor of 374 and 884?
34
Calculate the greatest common divisor of 480 and 765.
15
What is the highest common factor of 220 and 70?
10
Calculate the highest common factor of 539 and 147.
49
Calculate the highest common divisor of 1225 and 4410.
245
Calculate the highest common factor of 6386 and 124.
62
What is the highest common divisor of 100 and 2350?
50
Calculate the highest common divisor of 426 and 6177.
213
What is the greatest common factor of 16 and 6760?
8
What is the highest common factor of 699 and 3?
3
Calculate the highest common factor of 726 and 7502.
242
Calculate the highest common divisor of 598 and 26.
26
Calculate the highest common factor of 186 and 9951.
93
What is the greatest common factor of 176 and 10384?
176
Calculate the highest common divisor of 8 and 188.
4
Calculate the highest common factor of 432 and 264.
24
What is the greatest common divisor of 812 and 56?
28
Calculate the highest common divisor of 104 and 1768.
104
Calculate the greatest common factor of 4553 and 2.
1
What is the greatest common divisor of 19 and 23?
1
Calculate the highest common divisor of 352 and 308.
44
Calculate the highest common factor of 40 and 195.
5
Calculate the greatest common factor of 117 and 39.
39
Calculate the highest common factor of 1369 and 1591.
37
Calculate the greatest common factor of 35 and 2695.
35
Calculate the greatest common divisor of 345 and 4255.
115
What is the highest common divisor of 459 and 3?
3
What is the greatest common divisor of 10635 and 45?
15
What is the highest common divisor of 1770 and 15?
15
What is the greatest common factor of 1420 and 10508?
284
What is the greatest common factor of 2795 and 43?
43
What is the highest common factor of 1188 and 44?
44
What is the highest common factor of 49162 and 94?
94
What is the highest common factor of 50 and 80?
10
What is the highest common divisor of 17640 and 360?
360
What is the greatest common divisor of 54 and 7632?
18
Calculate the greatest common factor of 1634 and 86.
86
Calculate the highest common divisor of 9 and 59382.
9
What is the greatest common divisor of 5634 and 144?
18
What is the greatest common divisor of 574 and 14?
14
What is the greatest common divisor of 300 and 180?
60
Calculate the highest common factor of 21 and 5817.
21
Calculate the highest common factor of 15 and 915.
15
What is the greatest common factor of 6 and 7440?
6
Calculate the highest common factor of 44 and 209.
11
Calculate the greatest common divisor of 92 and 15548.
92
What is the highest common divisor of 83 and 2739?
83
What is the greatest common factor of 51 and 12801?
51
What is the highest common factor of 132 and 2706?
66
What is the highest common factor of 84206 and 142?
142
What is the highest common factor of 20 and 980?
20
Calculate the highest common divisor of 2664 and 27.
9
What is the highest common divisor of 264 and 11?
11
Calculate the highest common divisor of 510 and 360.
30
What is the greatest common factor of 580 and 261?
29
What is the highest common factor of 1625 and 125?
125
What is the greatest common factor of 912 and 12?
12
Calculate the highest common divisor of 50 and 790.
10
Calculate the highest common factor of 360 and 536.
8
What is the greatest common divisor of 4490 and 20?
10
What is the highest common factor of 5 and 2395?
5
What is the greatest common factor of 94 and 188?
94
Calculate the greatest common factor of 330 and 814.
22
Calculate the highest common divisor of 130 and 624.
26
What is the greatest common divisor of 605 and 88?
11
Calculate the highest common factor of 3636 and 192.
12
What is the highest common divisor of 7 and 7?
7
Calculate the highest common divisor of 136 and 24.
8
Calculate the highest common divisor of 210 and 28.
14
Calculate the highest common divisor of 714 and 4046.
238
What is the highest common divisor of 442 and 26299?
221
What is the highest common factor of 27 and 327?
3
What is the highest common factor of 20 and 1740?
20
Calculate the highest common factor of 17 and 21811.
17
What is the highest common divisor of 44 and 1617?
11
What is the greatest common divisor of 585 and 351?
117
Calculate the greatest common divisor of 469 and 427.
7
What is the greatest common factor of 443 and 1?
1
What is the highest common factor of 245 and 20?
5
Calculate the highest common divisor of 402 and 2278.
134
Calculate the highest common divisor of 360 and 144.
72
What is the highest common factor of 801 and 27?
9
What is the greatest common factor of 2193 and 1161?
129
What is the greatest common factor of 66 and 6?
6
Calculate the greatest common factor of 269 and 1.
1
What is the highest common factor of 29825 and 25?
25
What is the highest common factor of 19 and 285?
19
Calculate the greatest common divisor of 4962 and 6.
6
Calculate the greatest common factor of 10665 an